 - 2*w + 2. Suppose -3*s = 115 - 16. Let r = s - -31. Give k(r).
6
Let j(a) = 10*a**3 + 8*a**2 - 16*a + 7. Let x(c) = -7*c**3 - 5*c**2 + 11*c - 4. Let z(y) = -5*j(y) - 7*x(y). Determine z(-5).
-22
Let z(r) = -3*r - r - r**2 - 2*r - 1. Let s be (3*5/45)/(1/(-15)). Determine z(s).
4
Let l(n) = n**2 - 22*n + 41. Let j be ((-200)/15)/(12/(-18)). Give l(j).
1
Let w(c) be the third derivative of -28*c**2 - 1/24*c**4 + 0 + 0*c - 7/3*c**3. Calculate w(-10).
-4
Suppose -6*c = -2*y - c - 9, 2*c = -y. Suppose -5*n + 5*o = -9 - 11, -14 = -2*n - o. Let h be y - (-1 - n/2). Let m(f) = f - 4. What is m(h)?
-2
Suppose -41 = -25*w + 84. Let p(n) = 0*n + 0*n + 3*n - 11. Let b(k) = 2*k - 7. Let u(g) = w*p(g) - 8*b(g). Determine u(-4).
5
Let s(a) = 6*a - a**2 + 14 - 6*a - 7 + 9*a. What is s(8)?
15
Let a(g) be the first derivative of -9 + 0*g - 1/24*g**5 + 0*g**2 + 3*g**3 + 1/12*g**4. Let o(f) be the third derivative of a(f). Give o(-2).
12
Suppose -19*g - 24 = 52. Let v(l) = l**2 + 6*l - 1. What is v(g)?
-9
Let g be 0*((-4)/(-4))/(-2). Suppose f - 34 + 30 = g. Let a(q) = -2*q**2 + 6*q - 5. Give a(f).
-13
Let r(n) = 5*n**2 + n. Let u be (3/(9/(-3)))/1. Let q = -23 - -22. Let m be ((0 - q) + 0)/u. Determine r(m).
4
Let f(t) = 11*t. Let i(b) = b**3 + 5*b**2 + 7*b - 1. Suppose -7 + 3 = u. Let r be i(u). Let c(q) = -5*q. Let z(d) = r*c(d) - 6*f(d). Determine z(6).
-6
Let l = -100 + 108. Let b be (-7)/9 + l/(-36). Let h(v) = -13*v. Give h(b).
13
Let w(z) = z**3 + 8*z**2 + 5. Let m be w(-8). Suppose -m*j + 0*j = 0. Let r(s) = -s + 2*s + 11 + j*s + 2. Give r(-9).
4
Suppose 0 = -b + 6 - 11. Let i(w) = -w**2 - 2*w + 8. Determine i(b).
-7
Suppose 13*b = 9*b + 28. Let u(y) = 3*y - 16. Let x(d) = d - 1. Let p(n) = -2*n - 5. Let z(t) = -p(t) - 3*x(t). Let j(c) = b*z(c) + 3*u(c). Calculate j(-6).
-4
Let q(y) = -2*y + 5*y - 6*y. Let u be 3/(-12) - (-292)/16. Suppose -5*l - u = l. Calculate q(l).
9
Let h(o) be the first derivative of -o**3/3 + o**2 + 3*o - 2312. Let n = -5 - -8. Give h(n).
0
Suppose -2*v + 4*v + 2*r = 6, 0 = 4*v + 2*r - 22. Suppose 47 = -v*u + 15. Let o = u - 1. Let t(s) = -s**2 - s + 5. Calculate t(o).
-15
Let n(j) = 17*j**3 + 2*j**2 - 1. Let x be n(-1). Let m be ((-1)/2)/((-1)/x). Let u(l) = l**2 + 8*l + 8. Calculate u(m).
8
Let s(b) = 72*b - 642. Let g be s(9). Let p(j) = -2*j**2 + 14*j - 8. Calculate p(g).
4
Let k = 35 + -32. Let o(g) be the second derivative of 0 + 1/6*g**k - 7/2*g**2 - 4*g. What is o(4)?
-3
Let i = -3 + -2. Let d(l) = -3*l**3 - 20*l**2 + 24*l + 13. Let g = -7 + 2. Let r(q) = 2*q**3 + 13*q**2 - 16*q - 9. Let k(w) = g*d(w) - 8*r(w). What is k(i)?
-8
Let r(f) be the third derivative of 5*f**4/24 + f**3/6 + 7*f**2 + 2. What is r(2)?
11
Let z(s) = -3*s + 4. Let j be (-6)/((-4*(-5)/(-30))/1). What is z(j)?
-23
Let l(h) = 2*h**2 - 3*h - 3850 + 3846 + 0*h. Suppose -6 = 5*n - 26. Calculate l(n).
16
Let i(u) = 8*u**3 - 6*u**2 - 7. Let x(o) = 8*o**3 - 7*o**2 - 8. Let v(w) = 7*i(w) - 6*x(w). Determine v(-1).
-9
Let y(c) = -c**3 - 5*c**2 - 2*c + 1. Let r = -56 + 52. Calculate y(r).
-7
Let g(x) = -8*x - 6. Let v(q) = -7*q - 5. Let j(n) = 6*g(n) - 7*v(n). Let m(s) = s. Let p be m(-1). What is j(p)?
-2
Let h(y) = y**2 + 30*y + 139. Let u be h(-24). Let b(q) = -q**3 - 5*q**2 - 4*q - 1. What is b(u)?
19
Let y(h) = 1596*h - 3187*h - 4 + 1586*h. Determine y(4).
-24
Suppose -l - 2*l - u = 10, -l + 15 = 4*u. Let a(k) = k**3 + 5*k**2 - 3. Determine a(l).
-3
Let w = 195 - 191. Let q(i) = i**3 - 4*i**2 + 5*i - 14. Calculate q(w).
6
Let o = 14 - 8. Let p(w) = 2. Let a(v) = -1. Let c(j) = -3*a(j) - 2*p(j). Let h(u) = -u - 3. Let z(g) = o*c(g) - 3*h(g). Give z(3).
12
Let g(l) = l**3 - 13*l**2 - 16*l + 14. Suppose -r - 24 = -q - 8, 3*q - 38 = -2*r. Determine g(q).
-14
Let z be (3 - -8)*(138/(-66) - -3). Let o(g) = 5*g - 13. Calculate o(z).
37
Let l(b) = b**2 - 13*b - 8. Let s be l(0). Let z(m) = -m**2 - 10*m - 15. What is z(s)?
1
Let v(g) = -g**3 + 7*g**2 + 3*g - 9. Suppose -3*d + d - 156 = 3*u, -10 = 5*u. Let n = 82 + d. Determine v(n).
12
Let g(y) = -5 - 2*y**3 + 8*y - 9*y + 5*y**2 + 3*y**3. Suppose -2*q + 29 = 5*t, -2*t - q = -3*q - 6. Suppose -3*h = -t + 17. Give g(h).
15
Let c(d) = d**3 + 6*d**2 + d + 4. Suppose b = -298 + 292. Calculate c(b).
-2
Let o(p) = -4*p**3 - p**2 + 1. Let h = -133 + 194. Let a = 62 - h. Determine o(a).
-4
Let v(k) be the first derivative of -7*k**3/3 - k**2 - k + 309. What is v(-1)?
-6
Let f(g) be the first derivative of g**3/3 + 2*g**2 - 3*g - 59. Give f(2).
9
Let q(s) = -s + 6. Let t(x) = 2*x - 11. Let k(m) = -5*q(m) - 3*t(m). Let l = 3606 + -3601. Give k(l).
-2
Let y = -3 - -13. Let c = -6 + y. Let d(s) be the third derivative of s**4/24 + s**3/2 + 26*s**2. Determine d(c).
7
Let x = 25 + -110. Let w = x - -79. Let c(z) be the third derivative of -z**6/120 - z**5/12 + 7*z**4/24 + z**3/6 + z**2. Give c(w).
-5
Suppose -7*i - 72 = -72. Let m be (2/(-4))/((-1)/22). Suppose -5*s = l + m, -2*l - s - 4*s - 17 = i. Let g(t) = 3*t + 9. What is g(l)?
-9
Let t(q) = -q**3 + 5*q**2 + q - 1. Let d(m) = -m**2 - 21*m + 136. Let z be d(5). Give t(z).
-31
Let f(z) = z**2 - 2*z - 3. Let o = 711 + -713. Give f(o).
5
Suppose 11*v = 24 + 31. Let x(c) = -3*c + 15. What is x(v)?
0
Let v(f) = f**2 - 15*f + 15. Suppose 104 = -5*h + 13*h. Determine v(h).
-11
Let h(z) = 3*z + 10. Let a(c) = -128*c - 1018. Let t be a(-8). Determine h(t).
28
Suppose 2 = -g + 1, 3*g + 11 = 4*h. Let n(i) = 2*i**2 - i - 1. Determine n(h).
5
Let t = 137 + -132. Let r(s) = -14*s + 19. Let x(c) = 5*c - 6. Let a(f) = -4*r(f) - 11*x(f). What is a(t)?
-5
Let k be ((-1)/(-2))/(0 - (-1)/(-10)). Let c(t) = t**2 + 7*t + 3. What is c(k)?
-7
Let w(b) be the second derivative of b**3/6 - 7*b**2/2 + 75*b - 2. What is w(6)?
-1
Let r be -1 + -1 + 62 + 4. Suppose 5*z + r = f + 20, -3*f - 4 = 2*z. Let o(m) = -m - 8. What is o(z)?
0
Suppose -3*b + 2*v - 25 = 2*b, 0 = -b + 5*v - 28. Let d(t) = -3*t - 7. Determine d(b).
2
Let h be 8/(-24) - 57/(-9). Let q(d) be the third derivative of -d**4/24 + d**3/3 + 2*d**2. What is q(h)?
-4
Let g be (-10 + 14 - 19/5)*15. Let c(k) = -k**3 + 3*k**2 + k + 2. What is c(g)?
5
Let o(p) = -p**2 - 9*p - 13. Let s(l) = l - 7. Let d be s(0). Let q be o(d). Let b be (9/(-12))/(q/(-4)). Let k(m) = m**2 + m - 2. Give k(b).
10
Let u be (-2)/(-9) - (-47)/(-9). Let q(o) = -o**3 - 4*o**2 + 5*o + 7. Let x be q(-5). Let c(s) = 9*s - x*s - 4 - s**2 - 4*s - 7*s. What is c(u)?
16
Let p(y) = 7*y**2 - 8*y + 3. Let q(g) = -32*g**2 + 38*g - 14. Let h(a) = 14*p(a) + 3*q(a). Suppose -3*k + 7*k = -12. Determine h(k).
12
Let x(q) be the first derivative of -11*q**2 - 2. Let v(i) = i**3 - 5*i**2 - 8*i + 11. Let f be v(6). What is x(f)?
22
Let x(j) = j**3 + 5*j**2 + 3*j + 2. Let w be (-3)/(-1)*-1 + 2. Let q be 1/2*(-5 + -1). Let b = w + q. Determine x(b).
6
Let l = -46 - -44. Let x(y) = 4*y - 4. Let v(i) = -i + 1. Let z(r) = l*x(r) - 9*v(r). Determine z(0).
-1
Suppose -t + 34 + 11 = -g, 0 = -4*t - 4*g + 148. Let n = -47 + t. Let h(f) = f**3 + 5*f**2 - 6*f. What is h(n)?
0
Let c(w) = w**3 - w**2 + 1. Let h(g) = -g**3 - 2*g**2 - 6. Let a(o) = -2*c(o) - h(o). Suppose 15*v - 19*v - 20 = -q, q + 16 = -5*v. Calculate a(q).
4
Let z(m) = m**2 + 10*m - 1. Suppose 0 = -6*d - 24 - 36. Calculate z(d).
-1
Let x(h) = 7*h**2 - 11*h + 1. Let g(w) = 11*w**2 + 4*w**2 + 80 - 13*w - 10*w - 77. Let c be 178/(-14) + (-4)/14. Let t(n) = c*x(n) + 6*g(n). Determine t(5).
5
Suppose l + 0*l - 3 = 0. Let n(c) = 3*c**3 - 11 + l*c**3 - 7*c**3 + c - c**2. Determine n(0).
-11
Let c(p) = 7*p**2 + 7*p - 3. Let t(q) = 3*q**2 + 3*q - 1. Let j(y) = -2*c(y) + 5*t(y). Let l(d) = -5*d**2 - 7*d - 16. Let g(n) = -6*j(n) - l(n). Calculate g(0).
10
Let a(u) = -u**3 - 5*u**2 + 4*u - 14. Suppose 30*t = -293 + 113. What is a(t)?
-2
Let z = -59 - -59. Suppose 7*u - 2*u - 30 = z. Let p(j) = j**3 - 7*j**2 + 4*j + 6. What is p(u)?
-6
Let j(i) = 5*i. Let b(f) = -9*f + 3. Let u(s) = -3*b(s) - 5*j(s). Calculate u(11).
13
Let o(g) be the third derivative of g**6/120 - g**5/60 + g**4/12 - g**3/6 + 52*g**2. Determine o(2).
7
Suppose 19 = 3*g + 4*b, 4*g - 6*b + 8 = -3*b. Let l(q) = -6*q**3 + 2 + 0 - g. Suppose 9 + 38 = -47*j. What is l(j)?
7
Let s(q) = 5*q**3 - 4*q**2 + 8*q - 4. Let h(a) = a**2 - 2*a + 1. Let d(f) = -5*h(f) - s(f). Let p = -3 + 4. Cal